at is -1101 - 1110110110101?
-1110111000010
In base 15, what is 2a - -5587?
55b2
In base 11, what is 94a + 2563?
3402
In base 5, what is 2223 + 31?
2304
In base 14, what is 3 - 6d777?
-6d774
In base 11, what is -3 + -157296?
-157299
In base 3, what is -112 + 2212222?
2212110
In base 9, what is -5521 + 418?
-5102
In base 11, what is -15a4 + 472?
-1132
In base 9, what is 205 + 226?
432
In base 8, what is 5 + 340562?
340567
In base 7, what is 112 - 2?
110
In base 7, what is 23023 - -602?
23625
In base 10, what is 54 - 1526?
-1472
In base 14, what is -a - -25a48?
25a3c
In base 4, what is -12322213 - 10?
-12322223
In base 16, what is c9 - 43d?
-374
In base 16, what is -9 - 9a5?
-9ae
In base 6, what is -11133 - -315?
-10414
In base 14, what is -8a7c - 1?
-8a7d
In base 13, what is 93b - 1c?
91c
In base 6, what is -1024 - -114034?
113010
In base 3, what is -201202 - -12200000?
11221021
In base 15, what is 2e3 + -4d4?
-1e1
In base 16, what is 726 + -4af?
277
In base 15, what is -1d1b7 - 3?
-1d1ba
In base 10, what is 3 + 249312?
249315
In base 11, what is -97 - -1951a?
19433
In base 5, what is -12230110 + 2?
-12230103
In base 14, what is -213b - -176?
-1da5
In base 7, what is -26466 - -3?
-26463
In base 6, what is 511414 + 13?
511431
In base 13, what is 12853 - 64?
127bc
In base 6, what is -2021 - -1324?
-253
In base 13, what is 5 + -215a0c?
-215a07
In base 7, what is 4 - 16051?
-16044
In base 10, what is -660549 + 0?
-660549
In base 11, what is 0 + 6360?
6360
In base 15, what is -c9 + 3cb?
302
In base 9, what is 10753 + -11?
10742
In base 16, what is -3 + 8339?
8336
In base 13, what is 6c70 - 28?
6c45
In base 2, what is 10010010100001111 - 1000?
10010010100000111
In base 16, what is -2 - -137f?
137d
In base 9, what is -5 - -7175?
7170
In base 9, what is -1164 + 274?
-780
In base 16, what is -24 - -c8?
a4
In base 15, what is 1d + -122?
-104
In base 16, what is 5 - -4119?
411e
In base 4, what is -2023 - 1231?
-3320
In base 11, what is 176 + -44?
132
In base 15, what is 2 + de08e?
de091
In base 15, what is c60 - -a?
c6a
In base 8, what is 1 + -41527?
-41526
In base 11, what is -15 - -29208?
291a3
In base 10, what is -35 - 6949?
-6984
In base 9, what is -874 - -854?
-20
In base 9, what is -5620 - 14?
-5634
In base 8, what is 4362 - 61?
4301
In base 5, what is -1 - -11333034?
11333033
In base 15, what is -5 + 11143?
1113d
In base 8, what is 4314676 - 0?
4314676
In base 11, what is -a613 + 1?
-a612
In base 15, what is 0 + 49d5?
49d5
In base 9, what is 0 + -77814?
-77814
In base 7, what is -1 + -1264452?
-1264453
In base 10, what is 3153 + -174?
2979
In base 11, what is 5 + -193612?
-193608
In base 5, what is -103342 - 1134?
-110031
In base 9, what is -360 + -1218?
-1578
In base 3, what is -1101 - 2102112?
-2110220
In base 7, what is -143312566 + -2?
-143312601
In base 9, what is 115740 + 5?
115745
In base 7, what is 1320 + 13552?
15202
In base 3, what is -11 - -20120221000?
20120220212
In base 16, what is -1cb7d - -3?
-1cb7a
In base 8, what is 725 + -374?
331
In base 13, what is 4 + -7081?
-707a
In base 8, what is 16376164 + -3?
16376161
In base 14, what is -26812 - -5?
-2680b
In base 4, what is 11010122202 - 1?
11010122201
In base 13, what is -1b6255 - -1?
-1b6254
In base 16, what is 72b6 - -4?
72ba
In base 6, what is -24 - -345524?
345500
In base 4, what is -1133 + 1133032?
1131233
In base 6, what is 402100520 - 2?
402100514
In base 8, what is -236 - -265?
27
In base 6, what is 0 - -311522?
311522
In base 12, what is -898 + 2ab?
-5a9
In base 3, what is 100001100 + 11221?
100020021
In base 13, what is 6 - 37040?
-37037
In base 9, what is -13482766 - -1?
-13482765
In base 13, what is -b0bc8 + 3?
-b0bc5
In base 9, what is 2523 + 102?
2625
In base 3, what is 111011 - 122010?
-10222
In base 11, what is 87500 + -2?
874a9
In base 3, what is 121221 + -202?
121012
In base 4, what is 1 + -12320301?
-12320300
In base 5, what is 10 + -32004300?
-32004240
In base 2, what is 1010000100100000101 - -100?
1010000100100001001
In base 6, what is 50335513 - 5?
50335504
In base 4, what is 21102122 + 10?
21102132
In base 6, what is 32 - -21455?
21531
In base 5, what is -20133 + -1200?
-21333
In base 4, what is -12110112 + -31?
-12110203
In base 12, what is 18a95 - 5?
18a90
In base 5, what is -213314 - 10?
-213324
In base 6, what is 250 - -12224?
12514
In base 4, what is 100301 + 102?
101003
In base 15, what is 1c - 526b?
-524e
In base 3, what is 11 - 10012000211010?
-10012000210222
In base 5, what is 24001 + -2241?
21210
In base 2, what is 10101010011000111 - 101?
10101010011000010
In base 6, what is -1 - 201042?
-201043
In base 8, what is -2065552 + 5?
-2065545
In base 13, what is 127 + b24?
c4b
In base 11, what is 3a - 1435?
-13a6
In base 13, what is 0 + ca87?
ca87
In base 8, what is 11 - 170134?
-170123
In base 13, what is -52960 + 4?
-52959
In base 15, what is 59 - 184?
-12a
In base 4, what is -211121 - -211230?
103
In base 2, what is 0 - 111110101101?
-111110101101
In base 9, what is 3834452 + 0?
3834452
In base 6, what is 132 - 12551?
-12415
In base 11, what is 2a3a3 + -9?
2a395
In base 14, what is -136 + -44?
-17a
In base 12, what is -12ab - 21?
-1310
In base 5, what is -113 + 122122?
122004
In base 6, what is 105510 - 1?
105505
In base 4, what is 1213 - 2331?
-1112
In base 12, what is -2459 - -1010?
-1449
In base 9, what is 111824 + 1?
111825
In base 15, what is 2 + b4e?
b51
In base 16, what is 11 - d22?
-d11
In base 3, what is 0 + -112112121121?
-112112121121
In base 12, what is 130b3b + -3?
130b38
In base 11, what is 63294 + 2?
63296
In base 12, what is -1 - -2791?
2790
In base 8, what is 4162 - 412?
3550
In base 15, what is b + 3935a?
39366
In base 4, what is 21012113 + 10?
21012123
In base 2, what is 100000000000 + 1010?
100000001010
In base 6, what is -123521 - -5?
-123512
In base 5, what is -2321 - -403?
-1413
In base 6, what is -14 - 12?
-30
In base 12, what is 58 + 2208?
2264
In base 2, what is -1011000011 - -111?
-1010111100
In base 14, what is -3 - -4b31?
4b2c
In base 11, what is 8 - -68585?
68592
In base 2, what is -1100011001111 - -1001100?
-1100010000011
In base 11, what is -177 - -541?
375
In base 11, what is a - 2380?
-2371
In base 5, what is -1 - -2202443?
2202442
In base 12, what is -1b48a + 3?
-1b487
In base 7, what is -12 + 14?
2
In base 9, what is 10 - 60854?
-60844
In base 4, what is 10313200 + -2?
10313132
In base 14, what is 1 - 294?
-293
In base 8, what is -1045 + -2510?
-3555
In base 8, what is 5 - -10064?
10071
In base 10, what is 6 - 317414?
-317408
In base 13, what is -9 + -26446?
-26452
In base 3, what is 1110201 + 1011?
1111212
In base 2, what is 1011000011110101 + 100?
1011000011111001
In base 13, what is -14b + -2c?
-17a
In base 8, what is -1243700 + -4?
-1243704
In base 11, what is 7 - -414?
420
In base 4, what is 33311112 + -3?
33311103
In base 3, what is 10011220 - -110?
10012100
In base 4, what is 23303310 + 2?
23303312
In base 10, what is 17 - 7933?
-7916
In base 4, what is -112 + 31002?
30230
In base 8, what is -4 + 31751?
31745
In base 7, what is 5 + -565655?
-565650
In base 4, what is -1302330 + 2020?
-1300310
In base 6, what is 1 + 233351?
233352
In base 5, what is -102034 + -4020?
-111104
In base 15, what is 25337 - -3?
2533a
In base 13, what is -a455 - -2?
-a453
In base 13, what is -4 - 21a4a?
-21a51
In base 13, what is 109c3 + 19?
10a0c
In base 8, what is -4 + -67530?
-67534
In base 3, what is -21110212 - -120?
-21110022
In base 12, what is 17 - -3a1?
3b8
In base 2, what is -1000011 - -1111000?
110101
In base 14, what is a + 815?
821
In base 2, what is 100100000011011101111 + 0?
100100000011011101111
In base 11, what is -20a - -139?
-81
In base 16, what is -30 + -157?
-187
In base 14, what is -2d3 + 851?
55c
In base 16, what is -4ff8e + 0?
-4ff8e
In base 3, what is 10022012 - -2221?
10102010
In base 12, what is -ba9 - -a3?
-b06
In base 16, what is 0 - bac8?
-bac8
In base 15, what is -d3a - 34?
-d6e
In base 10, what is 3 - 7453?
-7450
In base 6, what is 4 - 22325054?
-22325050
In base 8, what is 224243 - -13?
224256
In base 10, what is 38763 - 2?
38761
In base 11, what is -9 - -33346?
33338
In base 14, what is 10dd + 7?
1106
In base 10, what is -5490 - -9?
-5481
In base 8, what is 0 + -23123?
-23123
In base 14, what is -12